{"id":890,"date":"2020-01-15T10:08:37","date_gmt":"2020-01-15T13:08:37","guid":{"rendered":"http:\/\/diamundialdocancer.femama.org.br\/2020\/?page_id=890"},"modified":"2020-01-15T14:15:54","modified_gmt":"2020-01-15T17:15:54","slug":"reducao-de-risco-2","status":"publish","type":"page","link":"https:\/\/diamundialdocancer.femama.org.br\/2020\/cancer\/reducao-de-risco-2\/","title":{"rendered":"Redu\u00e7\u00e3o de Risco"},"content":{"rendered":"\n<p>Existem diversas formas de reduzir a probabilidade de voc\u00ea desenvolver c\u00e2ncer ao longo da vida e elas est\u00e3o acess\u00edveis a toda as pessoas. A maioria dessas formas est\u00e3o aliadas a um estilo de vida saud\u00e1vel &#8211; como um dieta balanceada aliada a exerc\u00edcios f\u00edsicos, por exemplo &#8211; e comportamentos preventivos relacionados a sa\u00fade &#8211; como a realiza\u00e7\u00e3o de exames de rotina ou vacinas.<\/p>\n\n\n\n<p>No <a rel=\"noreferrer noopener\" aria-label=\"c\u00e2ncer de mama, n\u00e3o \u00e9 diferente (abre numa nova aba)\" href=\"https:\/\/www.femama.org.br\/2018\/br\/cancer-de-mama\/interna\/autocuidado-deteccao-precoce-e-reducao-de-risco\" target=\"_blank\"><span style=\"text-decoration: underline;\">c\u00e2ncer de mama, n\u00e3o \u00e9 diferente<\/span><\/a>. A pr\u00e1tica de exerc\u00edcios f\u00edsicos diminui o risco principalmente quando a mulher perde peso, ou se mant\u00e9m no seu peso ideal, por exemplo. Mas mesmo atividades f\u00edsicas de lazer, de leve intensidade, apresentam resultado r\u00e1pido.<\/p>\n\n\n\n<div style=\"height:50px\" aria-hidden=\"true\" class=\"wp-block-spacer\"><\/div>\n\n\n\n<figure class=\"wp-block-image size-large\"><img decoding=\"async\" loading=\"lazy\" width=\"905\" height=\"581\" src=\"http:\/\/diamundialdocancer.femama.org.br\/2020\/wp-content\/uploads\/sites\/3\/2019\/01\/redu\u00e7\u00e3o-de-risco.png\" alt=\"\" class=\"wp-image-440\" srcset=\"https:\/\/diamundialdocancer.femama.org.br\/2020\/wp-content\/uploads\/sites\/3\/2019\/01\/redu\u00e7\u00e3o-de-risco.png 905w, https:\/\/diamundialdocancer.femama.org.br\/2020\/wp-content\/uploads\/sites\/3\/2019\/01\/redu\u00e7\u00e3o-de-risco-300x193.png 300w, https:\/\/diamundialdocancer.femama.org.br\/2020\/wp-content\/uploads\/sites\/3\/2019\/01\/redu\u00e7\u00e3o-de-risco-768x493.png 768w\" sizes=\"(max-width: 905px) 100vw, 905px\" \/><figcaption>UICC\/Reprodu\u00e7\u00e3o<\/figcaption><\/figure>\n\n\n\n<div style=\"height:30px\" aria-hidden=\"true\" class=\"wp-block-spacer\"><\/div>\n\n\n\n<div class=\"wp-block-button aligncenter\"><a class=\"wp-block-button__link has-background has-luminous-vivid-orange-background-color\" href=\"https:\/\/www.femama.org.br\/2018\/br\/cancer-de-mama\/interna\/autocuidado-deteccao-precoce-e-reducao-de-risco\" target=\"_blank\" rel=\"noreferrer noopener\">Saiba mais<\/a><\/div>\n\n\n\n<div style=\"height:50px\" aria-hidden=\"true\" class=\"wp-block-spacer\"><\/div>\n","protected":false},"excerpt":{"rendered":"<p>Existem diversas formas de reduzir a probabilidade de voc\u00ea desenvolver c\u00e2ncer ao longo da vida e elas est\u00e3o acess\u00edveis a toda as pessoas. A maioria dessas formas est\u00e3o aliadas a um estilo de vida saud\u00e1vel &#8211; como um dieta balanceada aliada a exerc\u00edcios f\u00edsicos, por exemplo &#8211; e comportamentos preventivos relacionados a sa\u00fade &#8211; como [&hellip;]<\/p>\n","protected":false},"author":1,"featured_media":0,"parent":436,"menu_order":0,"comment_status":"closed","ping_status":"closed","template":"","meta":[],"_links":{"self":[{"href":"https:\/\/diamundialdocancer.femama.org.br\/2020\/wp-json\/wp\/v2\/pages\/890"}],"collection":[{"href":"https:\/\/diamundialdocancer.femama.org.br\/2020\/wp-json\/wp\/v2\/pages"}],"about":[{"href":"https:\/\/diamundialdocancer.femama.org.br\/2020\/wp-json\/wp\/v2\/types\/page"}],"author":[{"embeddable":true,"href":"https:\/\/diamundialdocancer.femama.org.br\/2020\/wp-json\/wp\/v2\/users\/1"}],"replies":[{"embeddable":true,"href":"https:\/\/diamundialdocancer.femama.org.br\/2020\/wp-json\/wp\/v2\/comments?post=890"}],"version-history":[{"count":9,"href":"https:\/\/diamundialdocancer.femama.org.br\/2020\/wp-json\/wp\/v2\/pages\/890\/revisions"}],"predecessor-version":[{"id":940,"href":"https:\/\/diamundialdocancer.femama.org.br\/2020\/wp-json\/wp\/v2\/pages\/890\/revisions\/940"}],"up":[{"embeddable":true,"href":"https:\/\/diamundialdocancer.femama.org.br\/2020\/wp-json\/wp\/v2\/pages\/436"}],"wp:attachment":[{"href":"https:\/\/diamundialdocancer.femama.org.br\/2020\/wp-json\/wp\/v2\/media?parent=890"}],"curies":[{"name":"wp","href":"https:\/\/api.w.org\/{rel}","templated":true}]}}