{"id":808,"date":"2020-01-09T13:33:31","date_gmt":"2020-01-09T16:33:31","guid":{"rendered":"http:\/\/diamundialdocancer.femama.org.br\/2020\/?page_id=808"},"modified":"2020-01-15T14:02:43","modified_gmt":"2020-01-15T17:02:43","slug":"tema-facebook","status":"publish","type":"page","link":"https:\/\/diamundialdocancer.femama.org.br\/2020\/engaje-se\/tema-facebook\/","title":{"rendered":"Tema Foto de Perfil do Facebook"},"content":{"rendered":"\n<p>No Dia Mundial do C\u00e2ncer 2020, a FEMAMA est\u00e1 encorajando todas as pessoas a levarem adiante a campanha, para que mais pessoas se envolvam e possam reduzir a chance de ter c\u00e2ncer e trabalhar para diminuir a carga do c\u00e2ncer no mundo. <\/p>\n\n\n\n<p>Uma das formas de se fazer isso \u00e9 utilizando uma moldura tempor\u00e1ria em sua foto de perfil Facebook, tamb\u00e9m chamado de <strong>tema<\/strong>. Dessa forma, voc\u00ea vai dizer ao mundo que apoia a campanha do Dia Mundial do C\u00e2ncer e vai incentivar a sua rede de amigos a fazer o mesmo. Todos da sua rede de amigos ser\u00e3o impactados com as mensagens da campanha.<\/p>\n\n\n\n<p>Veja o exemplo abaixo de como ficaria a sua foto de perfil no Facebook:<\/p>\n\n\n\n<div style=\"height:20px\" aria-hidden=\"true\" class=\"wp-block-spacer\"><\/div>\n\n\n\n<div class=\"wp-block-image\"><figure class=\"aligncenter size-medium\"><img decoding=\"async\" loading=\"lazy\" width=\"300\" height=\"300\" src=\"http:\/\/diamundialdocancer.femama.org.br\/2020\/wp-content\/uploads\/sites\/3\/2020\/01\/82868852_2515397252066388_6132746238174429184_o-300x300.jpg\" alt=\"\" class=\"wp-image-806\" srcset=\"https:\/\/diamundialdocancer.femama.org.br\/2020\/wp-content\/uploads\/sites\/3\/2020\/01\/82868852_2515397252066388_6132746238174429184_o-300x300.jpg 300w, https:\/\/diamundialdocancer.femama.org.br\/2020\/wp-content\/uploads\/sites\/3\/2020\/01\/82868852_2515397252066388_6132746238174429184_o-1024x1024.jpg 1024w, https:\/\/diamundialdocancer.femama.org.br\/2020\/wp-content\/uploads\/sites\/3\/2020\/01\/82868852_2515397252066388_6132746238174429184_o-150x150.jpg 150w, https:\/\/diamundialdocancer.femama.org.br\/2020\/wp-content\/uploads\/sites\/3\/2020\/01\/82868852_2515397252066388_6132746238174429184_o-768x767.jpg 768w, https:\/\/diamundialdocancer.femama.org.br\/2020\/wp-content\/uploads\/sites\/3\/2020\/01\/82868852_2515397252066388_6132746238174429184_o.jpg 1440w\" sizes=\"(max-width: 300px) 100vw, 300px\" \/><\/figure><\/div>\n\n\n\n<div style=\"height:20px\" aria-hidden=\"true\" class=\"wp-block-spacer\"><\/div>\n\n\n\n<div class=\"is-layout-flex wp-container-3 wp-block-columns\">\n<div class=\"is-layout-flow wp-block-column\">\n<div class=\"wp-block-image\"><figure class=\"aligncenter size-large is-resized\"><img decoding=\"async\" loading=\"lazy\" src=\"http:\/\/diamundialdocancer.femama.org.br\/2020\/wp-content\/uploads\/sites\/3\/2020\/01\/WhatsApp-Image-2020-01-09-at-13.41.50-576x1024.jpeg\" alt=\"\" class=\"wp-image-818\" width=\"144\" height=\"256\" srcset=\"https:\/\/diamundialdocancer.femama.org.br\/2020\/wp-content\/uploads\/sites\/3\/2020\/01\/WhatsApp-Image-2020-01-09-at-13.41.50-576x1024.jpeg 576w, https:\/\/diamundialdocancer.femama.org.br\/2020\/wp-content\/uploads\/sites\/3\/2020\/01\/WhatsApp-Image-2020-01-09-at-13.41.50-169x300.jpeg 169w, https:\/\/diamundialdocancer.femama.org.br\/2020\/wp-content\/uploads\/sites\/3\/2020\/01\/WhatsApp-Image-2020-01-09-at-13.41.50.jpeg 720w\" sizes=\"(max-width: 144px) 100vw, 144px\" \/><\/figure><\/div>\n<\/div>\n\n\n\n<div class=\"is-layout-flow wp-block-column\">\n<figure class=\"wp-block-image size-large\"><img decoding=\"async\" loading=\"lazy\" width=\"856\" height=\"528\" src=\"http:\/\/diamundialdocancer.femama.org.br\/2020\/wp-content\/uploads\/sites\/3\/2020\/01\/Capturar.png\" alt=\"\" class=\"wp-image-819\" srcset=\"https:\/\/diamundialdocancer.femama.org.br\/2020\/wp-content\/uploads\/sites\/3\/2020\/01\/Capturar.png 856w, https:\/\/diamundialdocancer.femama.org.br\/2020\/wp-content\/uploads\/sites\/3\/2020\/01\/Capturar-300x185.png 300w, https:\/\/diamundialdocancer.femama.org.br\/2020\/wp-content\/uploads\/sites\/3\/2020\/01\/Capturar-768x474.png 768w\" sizes=\"(max-width: 856px) 100vw, 856px\" \/><\/figure>\n<\/div>\n<\/div>\n\n\n\n<div style=\"height:30px\" aria-hidden=\"true\" class=\"wp-block-spacer\"><\/div>\n\n\n\n<p><strong>Siga esses passos para usar o tema da campanha em sua foto<\/strong>:<\/p>\n\n\n\n<ol><li>Acesse o Facebook, em seu computador ou no aplicativo em seu celular; <\/li><li>Na sua p\u00e1gina de perfil, clique na sua foto (se estiver no celular) ou em <strong>&#8220;Atualizar&#8221;<\/strong> (caso esteja no computador) e depois em <strong>&#8220;Adicionar Tema&#8221;<\/strong>;<\/li><li>Na barra <strong>&#8220;Pesquisar temas&#8221;<\/strong>, digite <strong>&#8220;World Cancer Day &#8211; Brazilian Portuguese&#8221;<\/strong>;<\/li><li>Clique em cima e, se quiser que o tema da campanha fique de forma tempor\u00e1ria em cima da sua foto de perfil, altere a dura\u00e7\u00e3o desejada e depois clique em <strong>&#8220;Salvar&#8221;<\/strong> (no celular) ou <strong>&#8220;Usar como foto de perfil&#8221;<\/strong> (no computador);<\/li><li>Pronto! Dessa forma, voc\u00ea levou a mensagem do Dia Mundial do C\u00e2ncer adiante! <\/li><\/ol>\n\n\n\n<div style=\"height:30px\" aria-hidden=\"true\" class=\"wp-block-spacer\"><\/div>\n\n\n\n<div style=\"height:30px\" aria-hidden=\"true\" class=\"wp-block-spacer\"><\/div>\n\n\n\n<p><\/p>\n","protected":false},"excerpt":{"rendered":"<p>No Dia Mundial do C\u00e2ncer 2020, a FEMAMA est\u00e1 encorajando todas as pessoas a levarem adiante a campanha, para que mais pessoas se envolvam e possam reduzir a chance de ter c\u00e2ncer e trabalhar para diminuir a carga do c\u00e2ncer no mundo. Uma das formas de se fazer isso \u00e9 utilizando uma moldura tempor\u00e1ria em [&hellip;]<\/p>\n","protected":false},"author":1,"featured_media":0,"parent":323,"menu_order":0,"comment_status":"closed","ping_status":"closed","template":"","meta":[],"_links":{"self":[{"href":"https:\/\/diamundialdocancer.femama.org.br\/2020\/wp-json\/wp\/v2\/pages\/808"}],"collection":[{"href":"https:\/\/diamundialdocancer.femama.org.br\/2020\/wp-json\/wp\/v2\/pages"}],"about":[{"href":"https:\/\/diamundialdocancer.femama.org.br\/2020\/wp-json\/wp\/v2\/types\/page"}],"author":[{"embeddable":true,"href":"https:\/\/diamundialdocancer.femama.org.br\/2020\/wp-json\/wp\/v2\/users\/1"}],"replies":[{"embeddable":true,"href":"https:\/\/diamundialdocancer.femama.org.br\/2020\/wp-json\/wp\/v2\/comments?post=808"}],"version-history":[{"count":24,"href":"https:\/\/diamundialdocancer.femama.org.br\/2020\/wp-json\/wp\/v2\/pages\/808\/revisions"}],"predecessor-version":[{"id":929,"href":"https:\/\/diamundialdocancer.femama.org.br\/2020\/wp-json\/wp\/v2\/pages\/808\/revisions\/929"}],"up":[{"embeddable":true,"href":"https:\/\/diamundialdocancer.femama.org.br\/2020\/wp-json\/wp\/v2\/pages\/323"}],"wp:attachment":[{"href":"https:\/\/diamundialdocancer.femama.org.br\/2020\/wp-json\/wp\/v2\/media?parent=808"}],"curies":[{"name":"wp","href":"https:\/\/api.w.org\/{rel}","templated":true}]}}